 + u(r). Calculate i(-5).
-17
Let i = -390 - -683. Let s(z) = -5*z**2 - i*z + 4*z**2 + 284*z - 8. Let l be s(-9). Let u(v) = -v**2 - 9*v - 2. What is u(l)?
6
Let y(c) = -113*c - 248. Let a(x) = 497*x + 996. Let t(r) = 2*a(r) + 9*y(r). Calculate t(-10).
-10
Let a(j) = -j**2 + 6. Suppose -4*d - 5*t = -798, -756 = -5*d - 5*t + 244. Let r = 205 - d. Give a(r).
-3
Let h(o) = 3*o**3 + 2*o**2 - 3*o - 2. Let a be 8/(-10)*(-1550)/124. Suppose -a*y - 8 = -6*y. Determine h(y).
-12
Let l(m) be the third derivative of -m**6/360 + m**5/120 + m**4/2 - 14*m**2. Let o(f) be the second derivative of l(f). Let r = -106 - -100. Give o(r).
13
Suppose -2*m + 6*m + 32 = -5*s, -5*s + 4*m - 8 = 0. Let y(q) = -8*q + 2. Let h(p) = -7*p + 2. Let v(z) = s*h(z) + 3*y(z). Determine v(6).
22
Let p(s) = -99 + 28 + 64 + 62 + 6*s. Let u be p(-10). Let c(t) = -t**3 - 3*t**2 + 6*t - 7. What is c(u)?
13
Let r be 1/(1/(-1) + (-9)/(-12)). Let x(p) be the first derivative of p**4/4 + 5*p**3/3 + 2*p**2 + 571. Calculate x(r).
0
Suppose -4*u + 2*u = 5*l + 53, -31 = 3*l + u. Let m be 10/45 + (-457)/l. Let a be (4/3)/((-17)/m). Let s(x) = -x**3 - 3*x**2 + 4*x + 2. What is s(a)?
2
Let g(u) be the first derivative of 4*u**2 + 3*u + 1637. Calculate g(-1).
-5
Let z(n) = 6034*n - 2 - 3014*n - 3016*n - 65*n**3 - 3*n**2. What is z(1)?
-66
Let a(i) = -3*i**3 + 2*i - 2. Let b(q) = -14*q**3 - 9*q**2 - 23*q - 43. Let o(w) = -5*a(w) + b(w). What is o(12)?
3
Let m = -5339 - -5346. Let a(u) = -16*u + 108. What is a(m)?
-4
Let t(u) = -5*u - 1. Let l = -147 - -334. Let z = l + -186. Determine t(z).
-6
Let o(l) = -l**3 + 22*l**2 - l + 16. Let s(g) = -4*g**3 + 67*g**2 - 2*g + 48. Let p(f) = 7*o(f) - 2*s(f). Determine p(-20).
76
Let w(d) = 3*d + 4. Let g(j) = -j**2 + 7*j - 8. Let c = -1 - -5. Let q be g(c). Suppose 5*f + 26 = -q*z + 2*z, 2*f = z - 5. Determine w(f).
-8
Suppose 1378*l = 1336*l - 42. Let k(j) = 0*j - j + 1 - 3. Give k(l).
-1
Let p = 14454 - 14453. Let y(c) = -105*c**3 - c. Calculate y(p).
-106
Suppose -6*o = -5*m - 9*o, 12*m = -o. Let l(i) = -i**2 + 6*i - 2. Determine l(m).
-2
Suppose -24 = -12*v + 8*v. Let g(k) = -13*k**2 + 11*k + 7. Let r(o) = 3*o**2 - 3*o - 2. Suppose 4*u = -u + 45. Let z(c) = u*r(c) + 2*g(c). What is z(v)?
2
Let p(m) = -19*m**2 - 4*m + 5. Let c(x) = -32*x**2 - 7*x + 10. Let d(s) = 3*c(s) - 5*p(s). Determine d(-4).
-7
Let u(f) = f**3 + 8*f**2 + 5*f - 2. Suppose 3*g + 16 = 5*a, -g - 3*a + 6*a = 4. Calculate u(g).
12
Let l(u) be the second derivative of -11*u**3/6 - 75*u**2/2 + 7980*u. Give l(-7).
2
Suppose -435*g - 38*g = 473. Let z(m) = -17*m - 19. Let y(n) = -9*n - 9. Let x(q) = -13*y(q) + 6*z(q). Determine x(g).
-12
Let f(m) = 74*m**2 - 16*m - 12. Let r(c) = 23*c**2 - 5*c - 4. Let g(v) = -5*f(v) + 16*r(v). Suppose -4*b = -0*b + 16. What is g(b)?
-36
Let i(f) be the first derivative of 2*f**3/3 - 29*f**2 - 17*f - 2018. Calculate i(29).
-17
Let z(d) be the second derivative of d**3/6 - 48*d - 177. Let s(k) = 6*k**2 - 1. Let a be s(1). Give z(a).
5
Let z(n) = -16*n**3 + n**2 - 2*n - 1. Let m(y) = -33*y**3 - 3*y**2 - 21*y - 13. Let w(x) = -m(x) + 2*z(x). Determine w(-5).
-74
Suppose -7 = -3*o + 8, 4*d + 3*o = -5. Let i(h) = 1. Suppose 3*f - 2*p - 5 - 10 = 0, -3*f + 6 = p. Let n(r) = r + 1. Let y(v) = d*i(v) + f*n(v). Give y(-2).
-8
Let r(j) = -j - 6 - j - 92*j**2 + 47*j**2 + 53*j**2 - 4*j. Give r(-1).
8
Let t be 6/93 + 59922/(-3348) + 18. Let i(s) be the second derivative of 0 - 41*s + 3/2*s**2 - t*s**3. Give i(5).
-2
Let z(x) = -3*x**3 - x**2 + 6*x - 3. Let o be z(-3). Let h be (211/(-4))/1 + 2/(-8). Let q = h + o. Let r(p) = 2*p + 1. What is r(q)?
-3
Let a = 92 - 90. Suppose a*v = 4*o + 20, 6*v - v - 18 = 2*o. Let k(l) = l**3 - 2*l - 2. Let n(d) = d**3 - d**2 - 1. Let c(s) = -k(s) + 2*n(s). Give c(v).
4
Let w(s) = -s**3 + 8*s**2 - 12*s - 2. Let p be w(6). Let h(l) = 53*l**2 + 9*l + 53. Let q(r) = -74*r**2 - 13*r - 76. Let f(b) = 7*h(b) + 5*q(b). What is f(p)?
-1
Let z(s) = -6*s + 5. Let k(n) = -2*n - 31. Let w be k(-13). Let f(c) = c + 1. Let t(d) = w*f(d) - z(d). Let l = 0 - 0. Calculate t(l).
-10
Suppose 0 = -8*v + 3*v - q - 38, -4*v = -4*q + 40. Let h be v/(-68) + 931/323. Let a(x) = -4*x + 4. Give a(h).
-8
Let y(k) = 99*k + 50 - 292*k + 175*k. Give y(6).
-58
Let q(b) = 627*b - 5. Let z be q(0). Let h(c) = -c**3 - 4*c**2 + 15*c + 41. Determine h(z).
-9
Let o(t) = 76*t**2 + t**3 - 80*t**2 + 4 - 1 + t. Let b(i) = 50*i + 403. Let w be b(-8). Determine o(w).
-3
Let z(k) be the second derivative of 5/24*k**4 + 16*k + 0 + 0*k**2 + k**3 - 1/60*k**5. Let q(n) be the second derivative of z(n). What is q(6)?
-7
Let f be (-20)/(-15) + (-34)/(-6). Let z(d) = 0*d - 5 + 0 - 2*d - f. What is z(-9)?
6
Let a(b) be the first derivative of -b**5/20 + b**4/3 + b**3/2 + 5*b**2/2 - 227*b + 152. Let c(v) be the first derivative of a(v). Give c(5).
-5
Let c(p) = -p**3 - 5*p**2 + 6*p - 1. Let q(b) = b**3 + b**2 - b. Let f be q(2). Let w = -10 + f. Suppose 10*i + w = -60. Calculate c(i).
-1
Let d(u) be the first derivative of -8*u**2 + 101*u + 2216. Give d(6).
5
Let u = 205 + -116. Let z = 92 - u. Let i(f) = 907*f**z - f + 4*f**2 + 3*f**2 - 906*f**3 + 1. Determine i(-7).
8
Let u(f) = 2 - 3*f + 0*f + 3*f**2 + f**3 + 0*f**2. Let w(s) = s**2 + 2*s - 7. Let y be (-74)/26 - (-2)/(-13). Let r be w(y). Give u(r).
-2
Let d(f) = -2*f**3 + 2*f**2 + 31*f - 7. Let j(g) = -g**3 + g**2 + 16*g - 3. Let v(s) = 6*d(s) - 11*j(s). Let u be v(3). Let a(i) = 6*i + 4. Give a(u).
22
Let y(o) = 2*o - 5. Let q(r) = -2*r**2 - 29*r + 533. Let w be q(-25). Give y(w).
11
Let f(p) = p**2 - 14*p + 34. Let i(t) = -t**3 + 147*t**2 - 293*t + 446. Let g be i(145). Calculate f(g).
1
Let f(c) be the first derivative of -5*c**3/3 - 6*c**2 - 10*c - 2228. Give f(-4).
-42
Let w(j) = 21*j - 205. Suppose 4*a + 330 = 37*a. Let g be w(a). Let p(v) = v**3 - 4*v**2 - 4*v + 10. Give p(g).
15
Let f(g) = 3*g - 2. Suppose 0 = 51*b - 11 + 62. Calculate f(b).
-5
Let n(y) = -y**2 - 8*y - 7. Let u = 62 + -71. Let g be ((-15)/(-6))/(u/(-6) - 2). What is n(g)?
8
Let w(b) = -9*b**3 + 8*b**3 + 4*b - 5*b - b - 10 + 6*b**2. Let k be w(5). Let c(v) = -v**3 + 4*v**2 + 3*v + 1. Determine c(k).
-9
Let t(u) = u**2 + 0*u**2 + u - 1 + 2*u + 5*u. Suppose 15*k - 90 = 10*k. Suppose 21*j + 12 = k*j. Determine t(j).
-17
Suppose -5*g - 3*t + 691 = 0, 43 = g + 4*t - 102. Let a = -139 + g. Let s(u) = -3*u**2 - u. Give s(a).
-10
Suppose 2*f - 14 + 6 = 0. Suppose -f*t + 5*k = -34, -4*k + 24 = 5*t - k. Let x(c) = c - 10. What is x(t)?
-4
Let d(h) = 10*h - 148. Let k(f) = -63*f + 938. Let j(b) = 38*d(b) + 6*k(b). Suppose g - 15 = 2*o, -2*o - 3*g + 0*g + 5 = 0. Determine j(o).
-6
Let r(g) = -g**3 - 5*g**2 + g + 15. Suppose 33*c + 849 = -32*c + 524. Determine r(c).
10
Let f(d) be the first derivative of -25*d**2 + 52*d - 1413. Determine f(1).
2
Let c(r) be the first derivative of -2*r + 1/3*r**3 + 5/2*r**2 - 131. Determine c(-4).
-6
Let n(k) = 9*k - 32. Let c be n(3). Let i(o) = o**3 + o**2 - 16*o + 14. Let h be i(c). Let p(m) = -2*m**2 - 8*m + 4. Determine p(h).
-20
Let j(w) = -11*w - 10*w + 1552 + 5*w + 2*w - 1575. What is j(-4)?
33
Let c(m) be the first derivative of -71 + 0*m**2 + 5/3*m**3 + 0*m - 1/4*m**4. Determine c(5).
0
Let v(s) = 19 - 22 - 69*s + 131*s. Determine v(1).
59
Suppose -5*z + 14 = -2*k - 1, 3*z + 7 = -2*k. Let s(t) = -51*t + 84. Let x(a) = 209*a - 343. Let y(q) = 49*s(q) + 12*x(q). What is y(z)?
9
Let k(t) = 3 + 3652*t + 5*t**2 - 3653*t + t**3 - 6. Let r be 19/(-3) + (-20)/(-15). Give k(r).
2
Let n be (-2)/(-5*(-14)/(-945)). Let t = n - 32. Let k(p) = -p - 10. Give k(t).
-5
Let q be (2/22*-2)/((-1071)/(-77) + -14). Let z(h) be the first derivative of 4/3*h**3 - 2 + h - 3/2*h**2. Determine z(q).
11
Let h = 4602 + -4611. Let n(g) = g**2 + 4*g - 21. Calculate n(h).
24
Let h be -2 - 9/1*1*-1. Let d(v) = v**3 - 8*v**2 + 8*v + 8. Let l be d(h). Suppose -4*f = 3 - l, n + 4*f - 6 = 0. Let i(s) = -4*s - 6. What is i(n)?
18
Let h(z) be the first derivative of z**6/120 - 7*z**5/60 + z**4/24 - 4*z**3/3 + 2*z**2 + 2*z + 73. Let x(y) be the second derivative of h(y). Calculate x(7).
-1
Let r be -14 + ((-12)/15)/((-14)/105). Let f(s) = s**2 + 10*s - 6. Calculate f(r).
-22
Let i(l) = -l**2 - 631*l + 7714. Let o be i(12). Let u(g) = 6*g**2 + 4*g - 1. Determine u(o).
